Let f(r) = -r**3 - 2 + 5*r - r + r**n + 5*r**2 - 2*r. Suppose 758 + 258 + 592 = 268*b. What is f(b)?
10
Let h = -198 - -210. Let c(n) = 8 - h - n - 1. Give c(-5).
0
Let s(b) = -b**2 + 6*b + 17. Let p be (-21)/3*32/(-28). Determine s(p).
1
Let b(q) = -q**3 + 121*q - 119*q - 58 + 49. What is b(0)?
-9
Let n(i) = i. Let t be (-8)/6*(-27)/36. Let k(z) = -z**2 - 4*z + 3. Suppose 53*v - 4 = 49*v. Let h(o) = t*k(o) + v*n(o). Give h(-5).
-7
Let u(y) = -61*y - 3854. Let n be u(-63). Let p(q) = 6*q + 72. Give p(n).
6
Let v(x) = 2*x**2 + 3*x. Let f(p) = 391*p + 3515. Let m be f(-9). Give v(m).
20
Let f(r) = -2*r**3 + 2*r**2 - 3*r. Let b be f(0). Suppose o = 5*i - 33, 4*o = -4*i - b*i + 12. Let k(x) = x**3 - 4*x**2 - 13*x + 5. What is k(i)?
-1
Let y(r) = -6*r**2 - 5*r + 2. Let x be y(2). Let i be 1/(-1*(-4)/x). Let l(t) = t**2 + 7*t - 9. Calculate l(i).
-1
Let l(r) = -r**2 - 9*r - 11. Let w be (0 + 0 - 1)*4. Determine l(w).
9
Let d be (-1)/(-2) - (-5306)/(-28) - -4. Let f be (-1 - 14)*(-111)/d. Let g(a) = -a - 13. Give g(f).
-4
Let i(w) = -2*w + 4. Let k(f) = -f**3 + 4*f**2 + 3*f - 2. Let n be k(4). Let b(t) = -52*t - 37. Let g be b(-1). Let d = g - n. Determine i(d).
-6
Let a(h) = 112*h**2 - 3*h - 2. Let s be -1*(160/(-8) - -21). Calculate a(s).
113
Let x(d) = -25*d + 162. Let q(a) = 24*a - 185. Let m(z) = -6*q(z) - 7*x(z). Determine m(1).
7
Let m(x) = -x**2 + 15*x - 13. Suppose -12*c + 64 + 44 = 0. Suppose -143 = -c*d - 17. What is m(d)?
1
Let w(s) = -25*s - 46. Let t(p) = -18*p - 32. Let c(b) = -7*t(b) + 5*w(b). Give c(16).
10
Let w = 0 + 4. Let h be 8 + (4 + -8)/(-4). Let u(d) = -10*d**2 - 5*d**3 - h*d - 8 + w*d**3 + 0. Give u(-9).
-8
Let k(n) = 0 - 4 - 5*n**2 - 3*n**3 - 5*n + 2*n**3. Let l be ((-20)/25)/(11/55). Let f be 1 + (-20)/l + -11. Give k(f).
21
Let c(z) be the third derivative of 2/15*z**5 + 3*z**2 - 4 + 0*z + 1/120*z**6 + 1/12*z**4 + 1/3*z**3. Calculate c(-8).
-14
Suppose x + 101 = -4*p, p = 6*p - 3*x + 105. Let f = -19 - p. Suppose 0 = -f*n - 23 - 17. Let w(d) = -d + 4. Determine w(n).
12
Let k(b) = -3*b**3 + 25*b**2 + 117 + 4*b**3 - 120 + 49*b - 24*b. Give k(-24).
-27
Let r = -13 - -196. Let d(b) = -183*b - 3 - r*b + 554*b - 192*b. Calculate d(-2).
5
Let m(c) = c**3 - 10*c**2 - 2*c + 22. Let g = -504 + 514. Calculate m(g).
2
Let g(o) be the second derivative of o**3/2 + 11*o**2/2 + 171*o. Let b(s) = 14*s + 109. Let p be b(-8). Give g(p).
2
Let y = 740 - 729. Let j(d) be the first derivative of d**2/2 - 6*d + 2. Calculate j(y).
5
Let o(p) = -104*p**3 + 19*p**2 - 25*p + 17. Let l(y) = 89*y**3 - 20*y**2 + 25*y - 19. Let g(a) = -7*l(a) - 6*o(a). Determine g(-27).
-23
Suppose -t - 370 + 365 = -5*n, 3*t = 2*n + 11. Let h(j) be the third derivative of -13/24*j**4 - 11*j**n - 8/3*j**3 - 1/60*j**5 + 0*j + 0. Calculate h(-11).
6
Let t(w) = 42*w**3 - w**2 + w + 1. Let j(q) = 1. Suppose 4*s = 20, 3*v - 6*v = 2*s - 4. Let i(y) = v*j(y) + t(y). Calculate i(1).
41
Suppose 2*y = 4*y + 2. Let n = -508 - -510. Let d(w) = 1 + 4*w**2 + 3*w**3 - 2*w**2 + 0 + 2*w**3 - 3*w**3 + n*w. What is d(y)?
-1
Let w(c) = -11*c - 682. Let z be w(-62). Let a(d) be the second derivative of -29*d + z - 1/2*d**3 + 5/12*d**4 + 3*d**2 - 1/20*d**5. Calculate a(4).
10
Let y(n) = -n + 12. Let w(x) = 2*x - 25. Let g(c) = 4*w(c) + 9*y(c). Let s = -28080 - -28086. Determine g(s).
2
Let g(k) = -6*k**2 + 4*k + 1. Let x(r) = 35*r**2 - 23*r - 7. Let d(s) = 34*g(s) + 6*x(s). Let w be d(-2). Let o = w + -20. Let q(i) = -i + 2. Give q(o).
2
Let z(b) = -4*b**2 + 40*b + 101. Let q(w) = w**2 - 13*w - 32. Let a(d) = 7*q(d) + 2*z(d). Give a(-7).
6
Let d(f) = 7*f**2 + 4 + 418*f**3 - 187*f**3 + 6*f - 230*f**3. Determine d(-6).
4
Let s(r) = r**3 + 6*r**2 - 22*r - 12. Suppose 73*t + 729 = 145. Determine s(t).
36
Suppose 14 = -3*o - t, 0 = 4*o + t - 40 + 59. Let d(y) = 4*y + 12. Determine d(o).
-8
Let y(s) = 2*s + 2. Let v = -318 + 451. Suppose -7 = -14*w - v. Determine y(w).
-16
Let v(q) be the third derivative of -q**6/120 + q**5/5 + 31*q**4/24 - 7*q**3/6 + 6*q**2 + 61*q. Determine v(14).
35
Let f(l) = 357*l - 87. Let y(h) = 138*h - 35. Let i(u) = 7*f(u) - 18*y(u). Determine i(-1).
6
Let s(l) be the first derivative of 0*l + 47 - 1/3*l**3 + 0*l**2 + 1/2*l**4. Let w(h) = 2*h - 13. Let q be w(7). Calculate s(q).
1
Let o(w) be the first derivative of -w**3/3 - 14*w**2 - 29*w - 2906. Determine o(-27).
-2
Let o(a) = -a**3 - 12*a**2 - 13*a - 22. Suppose 3*t - r = 270 - 304, 0 = -2*t - r - 21. Determine o(t).
0
Let o = -164 + 169. Let v(t) = 3 + 3*t + 0*t**3 - t**3 - o*t**2 - 7*t. Determine v(-4).
3
Let o be 1*-5*(-2 + 5 + -4). Suppose 0*q = 4*q + 2*h, -3*q = o*h. Let z(n) = n**3 + n**2 + 2*n + 3. Let g be z(q). Let c(j) = j**2 - j + 3. Determine c(g).
9
Let p(m) = -m**2 + m - 5. Let k(n) = -n**2 + 2*n - 5. Let y(g) = -6*k(g) + 7*p(g). Let b = 956 - 958. Give y(b).
1
Let l = 4178 - 4156. Let i(c) = 5*c - 115. What is i(l)?
-5
Let g(b) = -b**2 - b + 14. Let o be g(-4). Let q be 1/4 + o/(-8) - -12. Let x be -4 - (5/10)/(2/q). Let y(f) = -f**3 - 6*f**2 + 7*f - 8. Calculate y(x).
-8
Let l(d) = d**3 - 9*d**2 - 10*d + 5. Let i be l(10). Let x = 366 + -363. Let g(q) = x*q**2 + 0*q + 299*q**3 + 7 + 301*q**3 + 6*q - 601*q**3. Give g(i).
-13
Let i(s) = 5*s**2 + 119*s - 115. Let d be i(1). Let q(h) = 7*h - 76. What is q(d)?
-13
Let d be (190/684)/(3/((-45)/(-100))). Let u(i) be the third derivative of 0*i + 0 + 1/2*i**3 + d*i**4 - 6*i**2. Determine u(3).
6
Let l(h) = 20 - 21*h + 0*h**2 - 6*h + 3*h**2. Give l(8).
-4
Let c be 1/(-1 + 16/18). Let a(g) = 2*g + 12. Let j be a(c). Let f(d) be the first derivative of -d**2/2 + 90. What is f(j)?
6
Let s = -324 + 329. Let p = 3 + -2. Suppose -p = s*j - 21. Let k(a) = -a**3 + 3*a**2 + 2*a - 3. What is k(j)?
-11
Let k(v) be the third derivative of -v**6/720 + 7*v**5/60 - v**4/12 + 55*v**3/3 + 50*v**2. Let q(a) be the second derivative of k(a). Calculate q(8).
6
Let p = 4865 + -4852. Let d(i) = 2*i - 33. Calculate d(p).
-7
Let n = -753 + 763. Let m(j) be the first derivative of j**4/4 - 3*j**3 - 4*j**2 - 15*j + 2. Let k be m(n). Let c(t) = -t**2 + 7*t - 5. Calculate c(k).
5
Let d(h) = 79 - 81 + 197 + 22 + 205 + 70*h. What is d(-6)?
2
Let y(r) = 6*r**3 - r**2 + 11*r + 5. Let q(v) be the first derivative of -v**4/4 - v**2 - v - 4. Let h(c) = -11*q(c) - 2*y(c). Give h(2).
1
Let n = 695 + -500. Let m = -185 + n. Let o(q) = -q + 6. Give o(m).
-4
Let v(j) = -j**2 + 3*j + 1. Let i = 25 + -23. Let p(u) = -7*u**i - 8 + 6*u**2 + 21 + 7*u. Let o be p(8). What is v(o)?
-9
Let v = -673 + 953. Let x(d) = -5*d + 291 + 4*d - v + 4*d. Determine x(-6).
-7
Let k(c) = -5*c - 25. Suppose 38*n + 280 = 3*n. What is k(n)?
15
Suppose -2 = 6*t - 8*t. Let r = -3 + 6. Let h be (t - r/4)/(1/(-4)). Let b(a) = -8*a**3 - a**2 + 1. Calculate b(h).
8
Let d(q) = 8*q**2 - 9. Let k(z) = -7*z**2 + 8. Let v(u) = -6*d(u) - 7*k(u). Suppose 5*f - 8 = -g, g = 4*f - 4 + 3. Let h be f/(-5)*1 - (-66)/30. Calculate v(h).
2
Let f be 4 + (-8)/((-20)/10). Let n(a) = -950*a + f - 951*a - a**2 + 1897*a - 1. Give n(6).
-53
Suppose -5*n + 7 + 28 = 0. Let b be (-200)/(-52) - (-8)/52 - -444. Let a(v) = -5*v + 4*v + b - 227 - 220. Determine a(n).
-6
Let d = 297 - 291. Let c be (300/90)/(14/d + -2). Let x(h) = -h**2 + 11*h - 23. Determine x(c).
-13
Let q(x) be the second derivative of -7/12*x**4 - x**3 - 7 + 3*x**2 + 4*x - 1/20*x**5. Give q(-6).
6
Let t(l) = 309*l**2 + 4*l + 1. Let g be t(1). Let u = g - 309. Let v(m) be the third derivative of m**4/12 - m**3/3 + 2*m**2. Determine v(u).
8
Suppose -3*h + 7*h = -4*d - 28, 3*d - 2*h + 26 = 0. Let r(s) = s**3 + 6*s**2 - 21*s - 43. What is r(d)?
-3
Let h(u) = 32*u**2 + 1. Let b be (-5*(-12)/30)/2. Give h(b).
33
Suppose 5*x = -b + 23, 3*x + 3 = 5*b - 0. Let f(s) = -2*s**3 + 5*s**2 - s - 1. What is f(x)?
-53
Let m(g) = 180*g + 18193. Let x be m(-101). Let d(k) = -k**2 + 15*k - 5. Let n(r) = r - 1. Let z(f) = d(f) - n(f). Give z(x).
9
Let d(u) = 74*u + 21. Let k(f) = 62*f + 25. Let q(v) = -5*d(v) + 6*k(v). Give q(-19).
7
Let d(s) = 0*s - 2*s - 449 + 907 - 432. Calculate d(-6).
38
Let c be -7 - 5/((-30)/66). Let q(t) = -2 + 171*t - t**2 - 180*t - c - 5. Give q(-9).
-11
Let p(j) be the third derivative of 1/15*j**5 + 1/120*j**6 + 8*j**2 - 1/8*j**4 + 0*j + 0 - 1/6*j**3. Suppose -19*g + 21*g +